*d - 4*d + 5*a - 4, 2*d - 5*a = -7. Let p be (d + 3)/(-2) - 4. Let g(i) = i**3 + 5*i**2 + i - 2. Give g(p).
-7
Let w(b) be the first derivative of b**4/4 - 7*b**3/3 + 7*b**2/2 + 3*b - 33. Determine w(6).
9
Let k(m) = 1 + 3*m**2 - 6*m**2 - 11*m + 11*m. What is k(1)?
-2
Let m(p) be the second derivative of -p**4/12 - 4*p**3/3 + 3*p**2/2 - 2*p - 34. Give m(-6).
15
Let g(s) = s - 6. Let o be 33/7 + 99/(-21) + 5. What is g(o)?
-1
Suppose 15*g = 18*g + 36. Let l(m) = -m - 9. What is l(g)?
3
Let q be 4/14 - 72/7 - -2. Let v(w) = w**3 + 9*w**2 + 8*w. Give v(q).
0
Let t = -327 - -323. Let o(j) be the third derivative of -j**5/60 - 5*j**4/24 + j**3/3 - j**2. What is o(t)?
6
Suppose 5*i - 6*i + 3 = 0. Suppose i*z - 5 = 1. Let t(f) = -f**2 + f + 2. Calculate t(z).
0
Let w(j) be the third derivative of j**8/6720 - j**7/1260 - j**6/720 - j**5/30 + j**4/6 - 4*j**2. Let u(m) be the second derivative of w(m). Calculate u(3).
2
Let h(y) = 2*y - 5. Let w be h(5). Suppose -n - 1 = 0, 10 = 5*t + w*n - 15. Suppose 2*x + t = -0*x. Let k(g) = g**2 + 5*g + 3. Give k(x).
-3
Let w(q) be the second derivative of 1/20*q**5 + 0*q**3 - 1/12*q**4 + 0 + q + 1/2*q**2. Calculate w(-1).
-1
Let t = 1/31 + 29/62. Let k(r) be the first derivative of 1/2*r**4 + 1 + 0*r - r**3 + t*r**2. Calculate k(2).
6
Let y(j) = 2*j**3 + 2*j**2 - 2*j + 1. Suppose -3*n - 39 = -6*n. Let x = n - 12. Determine y(x).
3
Let b(y) = y**2 - 7*y + 4. Suppose -4*x + 5*z = -45, -x - 3*z = -2*x + 20. Determine b(x).
-6
Suppose -6*x = -3*x - 6. Let m(i) = 8*i + i - 6*i - 5*i**2 - 3 + 2*i**2 + 2*i**3. Determine m(x).
7
Let l(y) = -y + 4. Let h be 2/(-4)*(-6 - -2). Determine l(h).
2
Let m(o) be the third derivative of -o**4/8 + o**3/6 + 8*o**2. Determine m(1).
-2
Let g(y) = 8*y - 6*y + 0 - y**3 - 5 + 5*y**2. Let r be g(5). Let a(h) = -4*h - 4. Let q(i) = -7*i - 8. Let b(x) = r*a(x) - 3*q(x). Calculate b(-3).
1
Let q(z) = -z**3 - 8*z**2 - z - 7. Let w(x) = x**3 + 7*x**2 + x - 1. Let u be w(-7). Let s be q(u). Let y(p) = -7*p**2 + p - 1. Calculate y(s).
-7
Let w(b) = 6*b**2 + 4*b**2 - 3*b**2 + b - 3*b**2 - 2*b**3 - 4. What is w(3)?
-19
Let d(m) = m**3 - 7*m**2 + 7*m + 1. Let u be d(6). Let i(f) = -f + 17. Determine i(u).
10
Let c(f) = -3*f. Let i = -54 + 55. Give c(i).
-3
Let a = 5 + -5. Let w(d) = -d**2 + 8. Determine w(a).
8
Let x(l) = l**3 - l**2 + 3. Let p be x(0). Let s(v) = -v**p - 34 + 31 - v - 6*v**2 - 5*v. What is s(-5)?
2
Let b(s) = -3 + 2 - 30*s**3 - 6*s**2 + 29*s**3 - 4*s. Calculate b(-4).
-17
Let t(s) = 5*s**2 + s**2 - 5*s**2 + 2. Give t(0).
2
Let h(q) be the first derivative of -q**4/12 - 4*q**3/3 - 3*q**2 + 3*q + 1. Let i(t) be the first derivative of h(t). Calculate i(-5).
9
Let x(w) = -w + 4. Let d be x(8). Let o(y) be the second derivative of y**5/20 + y**4/3 - y**3/3 - y**2 - y. Calculate o(d).
6
Let v(h) = -h**2 - 8*h - 3. Let b(j) = 3*j + 2. Let l be b(-3). Determine v(l).
4
Let j(d) = -5*d + 6. Let g be (-15)/(-9) - (-3)/9. Suppose g*y - y = 4. Determine j(y).
-14
Suppose 3*v - 3*u + 6 = 0, 0 = -2*v - 3*u - 1 - 3. Let y be 0*((-1)/v)/1. Let h be (-6)/(9/6 - y). Let a(w) = -w**2 - 4*w + 1. Determine a(h).
1
Let t(x) = x + 6. Let s be 6/(-18) + 1/3. Give t(s).
6
Let s(v) = -2*v**3 - 11*v**2 - v - 7. Let g(l) = -l**3 - 6*l**2 - l - 4. Let z(x) = 5*g(x) - 3*s(x). Calculate z(-3).
7
Let m = 35/2 + -17. Let q(n) be the second derivative of 1/2*n**2 + 0 + m*n**3 + n. Determine q(-2).
-5
Let d(g) = -g - 3. Suppose -4*l + q + 19 = 0, 3*l - l + 5*q = -7. Suppose -t - 9 = -l*t. Calculate d(t).
-6
Let p(w) = w**2 - w. Let k(x) = x**2 + 5*x + 1. Suppose 2*z = 0, z + 4 = -4*s - 0*s. Let b(m) = s*k(m) - 3*p(m). Calculate b(-1).
-3
Let h(y) = 2*y**3 - 6*y**2 - 7*y + 1. Let s(t) = t**3 - 3*t**2 - 4*t + 1. Let u(r) = 3*h(r) - 5*s(r). Let o be (-4)/(-10) - (-18)/5. Give u(o).
10
Suppose 0*o - 16 = -o. Let p = 12 - o. Let v(g) be the first derivative of -g**2 - 3*g + 1. Give v(p).
5
Suppose -5 = 3*o - 6*o - 4*s, 0 = 2*o + 5*s - 1. Let y(i) = -i + 2. Calculate y(o).
-1
Let w(t) = -t**2 + t. Let p(r) = r**2 - 9*r - 11. Suppose 4*y + 0*a + 2*a - 36 = 0, -6 = 3*a. Let s be p(y). What is w(s)?
-2
Let q(f) be the third derivative of -f**4/24 - f**3/3 + 25*f**2. What is q(-7)?
5
Let o(x) = -x**2 + 3*x - 2. Let i be o(3). Let r be i/(-8) - 21/(-12). Let f(k) = -k**r + 1 + 4*k - 5*k - k. Determine f(-2).
1
Suppose -3*b - 20 = -b. Let m = b - -12. Let s(c) = 6*c + 1. Determine s(m).
13
Let f be (1 + -11)*(-1)/2. Suppose -f = -2*v + 1. Let h(o) = -4 - 4 + 1 + 7*o + o**2 - v*o. Calculate h(-6).
5
Suppose 4*h - 5*r = 17, 0 = 2*h + r + 15 - 6. Let x(u) be the second derivative of u**4/12 + u**3/6 - u**2/2 - 2*u. What is x(h)?
1
Let i(o) = o**2 + 6*o + 7. Suppose 5*c = -5*z - 3 - 2, -4*c + 4*z - 12 = 0. Let b be (2 - 8/2)*c. Suppose 0 = -4*q - 16 - b. Determine i(q).
2
Let x(g) = 7*g - 4*g**2 - 7 + 12*g**2 - 12 + g**3 + 18. What is x(-7)?
-1
Let j(p) = -p**2 + 3*p + 5. Suppose -b + z = 8 + 10, 4*b - z + 63 = 0. Let u = -11 - b. What is j(u)?
1
Let q(n) = 5*n**3 + n**2 + n + 1. Let j(s) = 7*s - 7. Let z(d) = -13*d + 14. Let i(v) = -11*j(v) - 6*z(v). Let m be i(6). Determine q(m).
-4
Let t(j) be the first derivative of 2 - 1/20*j**5 + 0*j**4 - j**2 + 2*j - 1/6*j**3. Let w(l) be the first derivative of t(l). Give w(-2).
8
Let k(p) be the third derivative of p**6/40 + p**5/60 - p**4/12 + p**3/6 + 14*p**2. What is k(1)?
3
Let u be (12/(-8))/((-3)/(-6)). Let f(d) = d**3 + 2*d**2 - 2*d. What is f(u)?
-3
Let a(c) be the second derivative of c**3/6 - 17*c**2/2 - 4*c + 4. Calculate a(13).
-4
Let m(z) be the third derivative of -2*z**5/15 - z**3/6 + 7*z**2. Calculate m(-1).
-9
Let q(k) = 9*k**2 + 2*k + 1. Let i be (3/(-6))/(2/28). Let m(c) = c + 6. Let d be m(i). Give q(d).
8
Let u(b) = -b**2 - b. Let a(s) = -3*s**2 - 3*s - 10. Let h(q) = -a(q) + 2*u(q). What is h(0)?
10
Let d(l) = 13*l**2 + 2*l - 1. Let k(j) = -4*j - 3. Let s be k(-1). Calculate d(s).
14
Let d(o) = o**3 - 3*o**2 + 5*o - 4. Let g = 108 + -105. Determine d(g).
11
Suppose -57 = -3*g - 2*u + 2, 3*g = -u + 61. Let h(y) = -g - y + 20 + y**2 - 3*y. Let p be -2*3*6/(-9). Determine h(p).
-1
Let g(h) = -h**3 + h**2 - 2*h + 1. Let o(r) be the third derivative of -r**4/12 - 2*r**3/3 - 5*r**2. Let z be o(-3). What is g(z)?
-7
Let a(b) = -b**3 + 3*b**2 - b. Let g(y) = y**3 - 2*y**2 + y + 1. Let s(l) = -3*a(l) - 2*g(l). Let f be (22/8)/((-1)/4). Let h = -6 - f. Give s(h).
3
Let d(y) = 4 + 3*y + 0 - 4*y. Determine d(6).
-2
Let r(c) be the first derivative of c**4/4 + 8*c**3/3 + 11*c**2/2 - 5*c - 1. Let m be r(-6). Let j(q) = 4*q. Calculate j(m).
4
Suppose -2*i + 0 = 26. Let l = -15 - i. Let k(j) = -j - 1. Calculate k(l).
1
Let y(l) = -l + l**3 + l**2 + 4*l + 2 - 5*l**2. What is y(4)?
14
Let b(g) = -g + 1. Suppose 4*w = 3*f - 0*f - 2, -4*f + 16 = -2*w. Determine b(f).
-5
Let q(t) be the second derivative of -5*t**4/12 + 7*t**3/6 + 3*t**2 - t. Let c(b) = b**2 - 1. Let f(s) = 6*c(s) + q(s). What is f(-6)?
-6
Let t be 21*(-5 + 2)/(-9). Let j(x) = -7 + x**2 + t. What is j(-1)?
1
Let w(k) = -4*k - 2. Let y(o) be the second derivative of -o**3/3 - o**2/2 + o. Let p(g) = -6*w(g) + 11*y(g). Let i = 7 - 8. Give p(i).
-1
Let p(w) = -w**3 + 2*w**2 + 3*w + 1. Let r be p(3). Let a(m) = 1 - m**2 + m - 1. Let o(q) = -5*q**3 + 4*q**2 - 4*q - 1. Let u(h) = 5*a(h) + o(h). Give u(r).
-6
Let g(h) = 11*h**3 - 12*h**2 - 4. Let a(n) = 7*n**3 - 8*n**2 - 3. Let i(r) = 8*a(r) - 5*g(r). Suppose 5 - 17 = -4*d. Suppose 1 = k - d. Determine i(k).
-4
Let t(q) be the first derivative of -q**2/2 - 7*q - 22. Determine t(0).
-7
Let s = -57 - -61. Let h(k) = k + 1. Determine h(s).
5
Let x(c) = -1 - 6*c**2 + 6*c**2 + 5*c**3. Suppose -2 = -3*w + 13. Suppose w = -4*o - 3*k, 4*k + 14 - 1 = o. Determine x(o).
4
Let l(v) = -5*v**2 + 2*v - 1. Let w be l(1). Let n be w/((-21)/9 - -3). Let x(a) = a**3 + 5*a**2 - 5*a - 1. What is x(n)?
-7
Let c = 52 - 22. Let d be (-22)/(-6) + 10/c. Let k(m) = -2*m + 6. What is k(d)?
-2
Let v(y) = -5*y**2 - 7*y. Let t(l) be the first derivative of l**3/3 + l**2/2 - 2. Let w(m) = -4*t(m) - v(m). Give w(-4).
4
Let r(j) = -j**2 - 3*j + 4*j + 6*j - 6. Determine r(5).
4
Let n(f) = -9*f + 12. Let z(p) = 4*p - 6. Let h(q) = -2*n(q) - 5*z(q). Determine h(6).
-6
Let n(g) = g**2 - 3*g + 1. Suppose -6*j +